 is divided by k?
14
Suppose 29*v + 24*v - 4346 = 0. What is the remainder when 321 is divided by v?
75
Suppose 0 = 3*d + 15, -3*r + 11 = -2*d - 11. Suppose r*c + 2 = -3*g, -10*g - c + 7 = -8*g. Suppose n = -1 + 3. What is the remainder when g is divided by n?
0
Let f(d) = 2*d + 22. Let s be f(-6). Calculate the remainder when 64*(-3)/(-6)*2 is divided by 624/18 - (s/15 + 0).
30
Suppose 3*k = 2*k - j + 109, k = -3*j + 113. What is the remainder when k is divided by 8/((-504)/(-777)) + 3/(-9)?
11
Suppose 4*k = 3*s, 4*s = 6*s - 3*k. Suppose s*h - 185 = -5*h. Calculate the remainder when 72 is divided by h.
35
Let d be ((-4)/8)/(1/(-4)) - -70. Suppose 0 = 3*r - r - d. Suppose -r = -4*f - 2*f. Calculate the remainder when 46 is divided by f.
4
Suppose -6*i + i - x + 22 = 0, 4*x = 6*x + 36. Calculate the remainder when ((-20)/(-6))/((-2)/(-18)) is divided by i.
6
Let u(h) = h**2 + 36*h + 149. What is the remainder when u(-36) is divided by (-4 + -6)*15/(-5)?
29
Let w = -742 - -747. Suppose -w*t + 576 = -414. Calculate the remainder when t is divided by 2/(-2) - (0 - 51).
48
Let j(z) = 4*z - 8. Let p be j(-2). Calculate the remainder when 19 is divided by (-132)/p + 2 + (-12)/(-16).
8
Suppose 5*r = -5*i - 5, 5*r - 5*i = -4*i + 25. Let l(y) = -3 - 9*y**2 + 2*y + 3*y - r*y + 11*y**2. What is the remainder when l(-3) is divided by 8?
4
Let s(h) = 67*h**2 - 15*h + 14. What is the remainder when 8842 is divided by s(1)?
64
Suppose 553*q - 200 = 551*q. Suppose 21 = 12*f - 11*f. Calculate the remainder when q is divided by f.
16
Suppose 4*j - 12 - 12 = 0. Let u(w) = -w**3 + 7*w**2 - 2*w - 15. Let i be u(j). Suppose i*n + 550 = 19*n. What is the remainder when n is divided by 14?
13
Let c(u) = 84*u**2 + 8*u. Calculate the remainder when c(2) is divided by 49.
9
Suppose 0 = 4*f - 0*f - 336. Suppose -f = -v - 2*v. What is the remainder when (-2124)/(-26) + 536/1742 is divided by v?
26
Let o = -230 - -246. Suppose -3*d = -47 - o. Calculate the remainder when d is divided by 11.
10
Suppose 8*h + 25*h = 5874. Let q = h + -150. Calculate the remainder when 160 is divided by q.
20
Suppose -4*t + 9*t - 550 = 0. Let p = -2932 - -2960. What is the remainder when t is divided by p?
26
Let j = -19815 + 19972. Calculate the remainder when 2822 is divided by j.
153
Calculate the remainder when (-1)/(3 - (-98)/(-653)*20) is divided by 13.
3
Suppose -11*z - 10*z + 6*z = 0. Suppose z = -3*o - 0 + 24. Calculate the remainder when 11 is divided by o.
3
Let o = -152 + 265. Suppose o*q - 109*q - 84 = 0. What is the remainder when 39 is divided by q?
18
Let x(b) be the third derivative of b**4/24 - 2*b**3/3 + 7*b**2. Let z be x(0). Calculate the remainder when 14 is divided by (-3)/(-30)*36 - z/10.
2
Let l be ((-6)/12)/(-1 + 10/8). Let x = 15 - l. Calculate the remainder when 99 is divided by x.
14
Suppose -4*w - 53093 = -5*y, -4*y + 42556 = 3*w + 4*w. What is the remainder when y is divided by 11?
10
Suppose -3*r = -10 + 7. Let b be 3 - (r/(-4) - 2842/56). Suppose -2*c = -3*k + b, 3*k + 5*c - 33 = -0*c. Calculate the remainder when 63 is divided by k.
15
Suppose 25 = -5*s, -4 = -q + 2*s + 10. Suppose -l = -q*f + 261, -3*l = f - 8*l - 89. What is the remainder when 829 is divided by f?
61
Suppose 1964*l - 1838*l = 3780. What is the remainder when 4259 is divided by l?
29
Suppose 42*u - 2867 = -36*u + 3061. Calculate the remainder when 4711 is divided by u.
75
Suppose 5*u - 59 - 44 = j, 15 = 3*u. Let p = -7 + j. Let f = p - -145. Calculate the remainder when f is divided by 16.
12
Let q(u) = -59*u + 497. What is the remainder when q(-2) is divided by 17?
3
Let c(l) = -2*l**3 - 106*l**2 - 212*l + 39. Calculate the remainder when 899 is divided by c(-51).
5
Suppose 7*k - 265 = -167. What is the remainder when 983 is divided by k?
3
Let j = -19368 - -19375. What is the remainder when 6171 is divided by j?
4
Let z(v) = v**2 + 21*v + 38. Let f be z(-19). Suppose 0 = n + i - 20, -n + 2*i - 16 + 27 = f. What is the remainder when 77 is divided by n?
9
Let y = 398 + -258. Suppose -4*v = -11*v + y. What is the remainder when 338 is divided by v?
18
Let a = 2049 + -2027. Let y = -111 - -143. What is the remainder when y is divided by a?
10
Suppose -7*z = 247 - 1213. Let p(x) = 4*x**3 - 19*x**2 + 32*x + 19. What is the remainder when z is divided by p(2)?
21
Let x be 30/(-150) - 32/(-10). Suppose 18*o - 22*o = 3*v - 240, 0 = -5*o + x*v + 300. Calculate the remainder when o is divided by (1*8)/(1/2).
12
Let l be (28/44 - 1)/(4/(-22)). Suppose -43*p + 39*p = l*o - 116, -o - 3*p = -61. What is the remainder when 206 is divided by o?
50
Suppose 39 = 3*x + 3*k, -x + 23 = -25*k + 21*k. Let p(h) = h - 3. Let s be p(15). Calculate the remainder when 8/s*3*11 is divided by x.
7
Suppose 84*l - 70*l = -82*l + 864. Calculate the remainder when 1340 is divided by l.
8
Suppose 78*j - 8892 - 70209 = -15531. Calculate the remainder when j is divided by 34.
33
Suppose 0 = 6*j + 4*c - 916, 0 = -3*j + c + 168 + 305. Calculate the remainder when 524 is divided by j.
56
Let a(m) = m**3 - 85*m**2 - 480*m + 2702. Let g(j) = j**2 - 3. What is the remainder when g(-3) is divided by a(90)?
0
What is the remainder when 11 is divided by 238/28 - (-15)/10?
1
Let j(s) = -s**3 - 7*s**2 + 10*s - 19. Let t = 262 - -1. Calculate the remainder when t is divided by j(-9).
51
Let w be 1/4 - (3 - (-6350)/(-8)). Suppose 0 = -14*x - 139 + 391. Suppose w = x*h - 11*h. What is the remainder when h is divided by 38?
37
Calculate the remainder when (1/2)/(63/92358) is divided by 147.
145
Suppose 424 = 5*o - 2*a, 5*o - 451 = -2*a + 5. What is the remainder when 335 is divided by o?
71
Suppose 4 = q, -41*w - 3*q = -36*w - 2757. Calculate the remainder when w is divided by 50.
49
Let d = 72 - 78. Let q be ((-10)/d + -1)/(1/90). Suppose 5*l - q = -5*a, -2*l + 4*a = -4*l + 26. What is the remainder when 31 is divided by l?
9
What is the remainder when 4038/4 - (5 + 91/(-14)) is divided by 78?
75
Suppose 0 = 4*x + 3*j + 2*j + 12657, 6339 = -2*x + j. Calculate the remainder when (-3)/((-605)/x + (-4)/18) is divided by 9.
6
Let o = 4034 + 839. What is the remainder when o is divided by 46?
43
Let n be (6/9)/((28/(-582))/(-7)). Suppose -3*j - 4*u - u = -n, 0 = -u + 5. Calculate the remainder when 215 is divided by j.
23
Calculate the remainder when (6 + -71)*((-3)/15 - 3) is divided by (-217)/(-3) - 1/3.
64
Let o = -9 + 67. What is the remainder when o is divided by -4 + -9 + (62 - 32)?
7
Suppose -27*q = -180431 - 631. What is the remainder when q is divided by 13?
11
Let y(c) = 289*c**2 - 338*c - 340. What is the remainder when y(-1) is divided by 213?
74
Let k be (-10)/(-4)*(-72)/(-90). Suppose 4*m + 118 = -k*w + 532, 189 = 2*m - 5*w. Calculate the remainder when m is divided by 36.
30
Let z(g) = 1017*g**2 - 8141*g + 86. What is the remainder when (134 + 0)/(1 + 0) is divided by z(8)?
42
Suppose 627*x - 632*x + 125 = 0. Calculate the remainder when (-629)/(-2) + ((-1375)/(-22))/x is divided by 53.
52
Suppose 2*c = -f + 53, 2*c + 47 = f + 6. Suppose -50*o = -f*o - 132. What is the remainder when o is divided by 25?
19
Let g(q) = 7*q**2 - 9*q + 2. Let r be g(5). Suppose 232 + r = -7*w. Let z = 82 + w. Calculate the remainder when z is divided by 17.
13
Suppose 5093*l + 1738 = 5104*l. Calculate the remainder when l is divided by 158.
0
Let l(v) be the third derivative of v**5/60 + v**4/8 - 7*v**3/2 + 2*v**2 - 14*v. What is the remainder when 60 is divided by l(-7)?
4
Let z be (6 + -3 - 3)/1. Suppose 2*i - 48 - 64 = z. Calculate the remainder when i is divided by 10 + 4 + 2*-1.
8
Let j = -1779 - -1787. Calculate the remainder when 36 is divided by j.
4
Suppose -5*k = 2*a - 213, -4*k + 5*a = -5*k + 61. Suppose -b + 88*b = 25*b + 5022. Calculate the remainder when b is divided by k.
40
Let b be (-2)/3*15*-1. Suppose -5*m + 3*u + 487 = -287, 5*m + 4*u = 788. Suppose -6*w + b*w = m. What is the remainder when w is divided by 20?
19
Suppose -146*f + 4116 = 148*f. Let r be ((-2)/(-4))/((-5)/(-180)). Let q = r + -11. Calculate the remainder when f is divided by q.
0
Let l(z) = 2*z - 2. Let x(v) = 7*v - 99. What is the remainder when x(15) is divided by l(3)?
2
Suppose -36*l + 53*l = 544. Suppose -697*v = -695*v - 254. Calculate the remainder when